(-532)/12)/(2/n) a prime number?
False
Let f = 1549 - -4430. Is f a composite number?
True
Suppose 9 = -3*y, 4*g + 3*y - 6*y = 3293. Is g a prime number?
True
Suppose 7*a - 24 = a. Suppose a*c = 5151 + 1525. Is c prime?
True
Let r be ((-57)/4)/((-1)/(-1224)*2). Let y = -5800 - r. Is y a prime number?
False
Is (-110480)/(-24)*3/2 a composite number?
True
Suppose 546 = 10*x + 1526. Let r = -1 - x. Is r composite?
False
Let g be (12/(-8))/(1/1118). Let k = -998 - g. Is k a composite number?
True
Suppose 8 + 2 = 5*b. Suppose 2 = g - b. Suppose 0 = q - g - 15. Is q composite?
False
Suppose 0 = 4*i + i + 4*o - 10, -4*o - 10 = -5*i. Let j(q) = -q**3 + 5*q**2 + 3*q - 5 - i*q**2 - 2*q**2 - 11*q. Is j(-5) a prime number?
False
Suppose -2*m + 2*z = 160, -m - 4*z = 12 + 53. Let o be (-46 - 1)*m/(-11). Is 6/(-3 + 6) - o a prime number?
True
Let v be (-5)/(-10) - (-141)/2. Let k = -124 + 84. Let p = v + k. Is p composite?
False
Let t = 2671 + -1880. Suppose -6*d = d - t. Is d composite?
False
Suppose -2 = 4*j + o, 5*j + 1 = -4*o + 2*o. Let q(i) = 205*i**3 + 3*i**2 + 2*i + 1. Let y be q(j). Let a = -16 - y. Is a a prime number?
False
Let t = 349 - 352. Let l(v) = 1 + 0*v + 0*v - 34*v. Is l(t) composite?
False
Let y = 5932 + 5533. Is y a composite number?
True
Let u be 7*(171/21 - 4). Is u/(4/(31 + -3)) a prime number?
False
Let i(t) = -199*t + 26. Let n be i(-4). Suppose 4*q - n = -d - 4*d, -2*q - 2*d + 410 = 0. Is q prime?
False
Let c be -3 + 18 + 0/2. Let w be -9*(2 + c/(-9)). Is w/(-6)*14*11 a composite number?
True
Let h(w) = -64*w**2 - 6*w + 6. Let f(x) be the third derivative of -13*x**5/12 - 7*x**4/24 + 7*x**3/6 + 12*x**2. Let z(t) = 5*f(t) - 6*h(t). Is z(1) prime?
True
Let v(n) = n. Let m(d) = 579*d - 13. Let u(j) = m(j) - 5*v(j). Is u(3) a prime number?
True
Is 65816/10 + (-234)/390 a composite number?
False
Let j = -25 - -28. Is (-83)/j*(4 + -7) composite?
False
Let q = -9764 + 26687. Suppose -q = 15*f - 94218. Is f a composite number?
False
Suppose -s + 4 + 1 = 0. Suppose -5*f - 2*k + s = -7, k = 3*f - 5. Suppose -f*t = -3*r + 102, -r + 0*r = 5*t - 34. Is r a prime number?
False
Let i(c) = c. Let a(u) = 77*u - 7. Suppose 0 = -8*j + 13*j + 15. Let v(w) = j*i(w) + a(w). Is v(6) composite?
True
Is (-15)/3*(-2035901)/245 prime?
True
Let m = 1081 + -722. Is m a prime number?
True
Let t = -11 + 19. Suppose -3*k + 2 = -4*k - 3*y, t = -4*k - 3*y. Is k + 1384 - (8 - 5) prime?
False
Let n be (0/2 + 1)*(-1 + -6). Is n/((-160)/(-172) + -1)*3 composite?
True
Suppose -4*y - 24 = -2*f, -f = 2*f + y - 15. Suppose -1630 = -8*n + f*n. Is n composite?
True
Let k be (2 - 0) + -211 + -1. Let i = 564 + k. Let t = i + -199. Is t prime?
False
Let y = -17 + 28. Suppose 5 = s + 4*i - y, 5*i - 35 = -5*s. Suppose 81 + 451 = s*c. Is c a composite number?
True
Let k be (-8 - 3881)/((1/1)/(-3)). Suppose n + 2*n - 9346 = -4*i, -5*i + k = -4*n. Is i prime?
False
Suppose 8*w + z = 3*w - 4, -4*w = 2*z + 8. Suppose w*g = -2*g + 4. Is g/(-10) - 1552/(-10) composite?
True
Let f be 1/(1/79 - 0). Let h = 266 - f. Is h a composite number?
True
Let p = -3128 + 20205. Is p a prime number?
True
Let x(l) = -139*l - 64. Is x(-5) composite?
False
Let k(r) = -4139*r - 4. Let y be k(-2). Let c be ((-1)/3)/((-7)/y). Suppose c = 5*n + 2*b - 1591, 15 = 3*b. Is n a prime number?
False
Let i = -28957 + 48590. Suppose -5*j - 5*m + i = 1398, 2*m = j - 3635. Is j composite?
False
Suppose 0 = -5*g - v + 9057, 3*g + 130 = 2*v + 5559. Is g a prime number?
True
Let s(h) be the first derivative of -1513*h**2/2 + h + 12. Is s(-2) composite?
True
Let g = 102 + -100. Suppose 4*x = -l + 1226, -g*l = 7*x - 8*x + 311. Is x a composite number?
False
Suppose 2*r + 4754 = 5*c, 5*c - 2352 = 4*r + 2406. Suppose -4*m = -3*v + 2889, 2*v - 3*m = 3*v - c. Is v a composite number?
True
Suppose 0 = 10*v - 4*v - 18. Suppose 4*m - 4987 = -s, v*s - 14974 = -2*m - 13. Is s composite?
False
Suppose -6911 = -10*h - 621. Is h composite?
True
Let t(r) = -r**3 - 5*r**2 + 3*r - 12. Let u be t(-6). Is (-8790)/(-40) + u/(-8) prime?
False
Suppose 5*x = 4*t + 12622, -2*x + 2*t = -4206 - 842. Suppose x + 1240 = 2*c. Is c composite?
True
Let x = -923 + 2104. Is x prime?
True
Let r be (-27)/(-36)*(-4)/(-1). Suppose 5263 + 1720 = 2*s - l, r*s + 5*l - 10507 = 0. Is s a prime number?
False
Let u = -3018 - -4492. Suppose -2*h = 5*a - h - u, 298 = a - 3*h. Is a composite?
True
Let u = 6 + -1. Suppose -4*h + u = -3*f, -f = f + 3*h - 25. Suppose -4*w + 1020 = 2*b, 3*w - f*b = -361 + 1113. Is w a composite number?
True
Is 2/10*-2*(-16284 - -29) a prime number?
False
Let k = -387 - 624. Let r = k - -1564. Is r prime?
False
Let q(t) = 13122*t - 131. Is q(4) composite?
True
Suppose -3*y = u - 58657, -5*y - 35*u + 97761 = -33*u. Is y a composite number?
False
Suppose -21 = -2*g - 9. Suppose 5*j = g*t - 2*t + 1070, -4*j + 3*t = -856. Let m = 40 + j. Is m composite?
True
Let h be (5 - 4) + 3 - 0. Suppose -12*m = -h*m - 2120. Is m composite?
True
Let r = -616 + 42. Suppose -5*n = -30 - 5. Is (9 - n)/((-4)/r) prime?
False
Suppose -6*b - 2670 = -7*b. Let d = -1835 + b. Is d a prime number?
False
Suppose 0*g - 4*t = -2*g + 386, -612 = -3*g - 5*t. Is g prime?
True
Suppose -241191 - 1069601 = -56*n. Is n a prime number?
False
Let o be 125/30 - 2/12. Let m be (-160)/28 - o/14. Is (-530)/m - 6/(-9) prime?
True
Let m(d) be the third derivative of -d**5/60 - 7*d**4/8 + 31*d**3/6 - 4*d**2. Is m(-16) a composite number?
True
Let g(b) = 159*b**2 + 6*b - 13. Let u be g(5). Suppose u + 2391 = 13*o. Is o composite?
False
Let v = 37 - 33. Suppose 0 = -3*c - k - 8, v*k = 2*c + 2*c + 16. Let l(p) = -24*p**3 - 3*p**2 - 5*p - 1. Is l(c) prime?
False
Let z = 225474 - 129965. Is z a composite number?
True
Is (((-4)/(-2) - 16876) + -7)/(-3) composite?
True
Let i(x) = 3*x**3 - x + 2. Let t be i(1). Suppose -7*p + 267 = -t*p. Is p composite?
False
Suppose -9*k - 12862 + 45703 = 0. Is k a composite number?
True
Let j be ((-386)/(-6) + (-8)/(-48))*18. Let q = -578 + j. Is q a prime number?
False
Suppose 3*f + 0 - 12 = 0. Suppose 0 = -7*b + 6*b + 423. Suppose b = f*w - w. Is w prime?
False
Let c(v) = 7 - v**2 + 11*v + 7 - 2. Let l be c(12). Let k(z) = -z**3 + z**2 + z + 145. Is k(l) composite?
True
Let u = 644 - -507. Is u prime?
True
Let i = 1 + -5. Let o(l) = -l**2 - 6*l - 1. Let p be o(i). Let x(t) = t**3 - 6*t**2 - 3*t - 3. Is x(p) composite?
True
Let y = -416 + 590. Let f be y/30 - (-2)/10. Suppose -f*n - 381 = -9*n. Is n a prime number?
True
Let r be (-2)/16 + (-12171)/(-24). Let m = -298 + r. Is m composite?
True
Suppose -2190 - 8956 = -2*p - 3*y, 16749 = 3*p - 3*y. Is p a composite number?
True
Suppose -4*r - 5 = -25. Suppose 2*i + m + 1 - 11 = 0, 4*i - 20 = -4*m. Suppose -6*p + r*p + 3*f = -122, -116 = -p + i*f. Is p a composite number?
False
Let l = -14422 - -25279. Let s = -3976 + l. Is s a composite number?
True
Suppose 3*j - 36 + 819 = 0. Let y = -59 - j. Is y prime?
False
Suppose 51*j = 57*j - 51258. Is j prime?
True
Let i be 0 - (-4)/(4/4). Suppose -i*q + h = -h - 34, -3*q - 7 = 5*h. Is ((-331)/q)/((-9)/54) composite?
False
Let q(v) = 2*v**2 + 3*v - 2. Let p be q(1). Let z(u) = 6*u - 5 + 1 + 2*u - p. Is z(7) prime?
False
Let s = 12763 + -840. Is s composite?
False
Suppose 2*x = 2*v + 24 - 6, 2*v + 4 = 0. Let h = x - 37. Is 25304/120 - 4/h composite?
False
Let r(t) = 3*t + 242. Is r(9) composite?
False
Suppose 0 = 3*x + 5*q - 631, x - 2*x + 217 = 3*q. Suppose -x = -2*p + 2596. Is p prime?
True
Let y = -147862 - -222165. Is y a composite number?
True
Let s(d) = 2*d**2 - 17*d. Let j be s(7). Let o be (-156)/j - 12/(-21). Suppose -2*h + o = 0, 4*h + 302 = 2*i + i. Is i a composite number?
True
Let q(v) be the second derivative of v**5/4 - v**4/2 + v**3/2 - 5*v**2/2 - 20*v + 2. Is q(5) a prime number?
False
Let y(m) = -m**2 - 16*m + 19. Let a(s) = -2*s**2 - 31*s + 37. Let w(d) = -6*a(d) + 11*y(d). Suppose 4*o - 15 = 2*o + 3*j, -5*o + 75 = 5*j. Is w(o) composite?
False
Suppose 14*r = 27*r - 150137. Is r composite?
False
Let d = -33 + 49. Suppose -21 = -t + d. Is t composite?
False
Suppose 176543 = 5*l - 16*v + 12*v, 4*l = 2*v + 141238. Is l prime?
True
Suppose 46 = -3*g - 3*t - 5, -83 = 5*g + 4*t. Let n be -1 + 5/(g/6). Is n - (-1 - -3 - 16) composite?
False
Suppose 4 =